 number?
True
Is 6165812869 composite?
False
Is 98694107827 a composite number?
True
Is 10858886359 a prime number?
False
Is 83003677087 a composite number?
True
Is 48559821301 composite?
True
Is 432092281349 composite?
False
Is 17999824729 prime?
True
Is 9520474973 a prime number?
False
Is 1930611671 composite?
True
Is 11305946539 a composite number?
True
Is 31525398001 composite?
False
Is 11158680499 a prime number?
False
Is 517670849 a composite number?
True
Is 2598985003 prime?
False
Is 620428561 a composite number?
False
Is 159506744597 prime?
False
Is 944653051 prime?
False
Is 66393368087 prime?
False
Is 3343884889 a prime number?
False
Is 4084010911 a prime number?
True
Is 76525941103 prime?
True
Is 508893043 a prime number?
False
Is 4527515809 a composite number?
False
Is 9008909453 a prime number?
False
Is 127025429 prime?
True
Is 36409409191 composite?
True
Is 185404317827 a composite number?
True
Is 1947845813 prime?
False
Is 2215946651 composite?
True
Is 3557977837 a prime number?
True
Is 3392745891 a prime number?
False
Is 402289427 composite?
True
Is 80772121169 a composite number?
True
Is 682242527 a composite number?
False
Is 85113366409 a composite number?
False
Is 1966905437 a prime number?
False
Is 2503451683 a composite number?
False
Is 12757177 a composite number?
False
Is 3510670453 a composite number?
True
Is 2084025149 a composite number?
False
Is 56904080449 prime?
True
Is 5198743279 a prime number?
True
Is 1283320297 a prime number?
False
Is 14353959767 a composite number?
True
Is 54807757 a composite number?
True
Is 373825811 a composite number?
False
Is 54503991461 a composite number?
False
Is 55630592519 a prime number?
False
Is 2844937937 a prime number?
True
Is 18399164131 a prime number?
True
Is 2844912017 prime?
True
Is 8026559837 a composite number?
False
Is 59179565443 a composite number?
True
Is 8136669397 a composite number?
False
Is 31395618703 composite?
True
Is 49443058799 a composite number?
False
Is 2627890867 a composite number?
True
Is 141201357194 composite?
True
Is 1041916327 a composite number?
True
Is 629301779 a composite number?
False
Is 1759101647 composite?
False
Is 1305834351 a prime number?
False
Is 1207414651 a composite number?
False
Is 154949623 prime?
False
Is 64080553697 composite?
False
Is 1695279077 composite?
False
Is 9659779837 prime?
True
Is 1674369649 a prime number?
False
Is 13646830969 prime?
True
Is 29451878987 a composite number?
True
Is 1239207719 prime?
True
Is 3140131547 a prime number?
False
Is 2425655521 prime?
False
Is 14664892477 a prime number?
True
Is 152116849 a composite number?
False
Is 16977749507 composite?
True
Is 19003437113 prime?
False
Is 6227419799 a composite number?
True
Is 153500003 composite?
True
Is 11992544329 prime?
False
Is 8833003 prime?
True
Is 42727526999 prime?
False
Is 236475476277 a prime number?
False
Is 3279537553 a prime number?
False
Is 1718511931 composite?
True
Is 2058209507 a prime number?
False
Is 7376106559 composite?
False
Is 24021963311 composite?
False
Is 316337533 prime?
True
Is 4161249901 composite?
True
Is 693393947 a prime number?
False
Is 494361419 a composite number?
False
Is 72684973 prime?
False
Is 23152556251 a prime number?
False
Is 126671969 a prime number?
True
Is 330083216845 a composite number?
True
Is 394657697 a composite number?
True
Is 56252263481 a prime number?
False
Is 1682437195 composite?
True
Is 10501562831 a prime number?
True
Is 2634917951 a composite number?
True
Is 16437713051 a composite number?
True
Is 1248516055 composite?
True
Is 6818812589 a prime number?
False
Is 13024309577 a prime number?
False
Is 4116592133 a composite number?
False
Is 2349999517 a composite number?
False
Is 25694844061 composite?
True
Is 2346656491 a composite number?
False
Is 2016037433 a prime number?
True
Is 11035659421 composite?
False
Is 1712768179 a prime number?
True
Is 11017492579 composite?
False
Is 13661841863 composite?
False
Is 153813149 a prime number?
False
Is 30420235526 a prime number?
False
Is 25190531411 prime?
False
Is 23706176267 composite?
True
Is 1665694111 a prime number?
True
Is 40180009537 prime?
False
Is 77624322961 a prime number?
False
Is 10013194309 prime?
True
Is 10352034802 a prime number?
False
Is 6514918321 a composite number?
False
Is 90374029 a composite number?
False
Is 25430713795 composite?
True
Is 53653608397 composite?
False
Is 19511105857 a composite number?
False
Is 2600495663 a prime number?
False
Is 697398277 prime?
True
Is 31085661973 a composite number?
False
Is 22678240639 composite?
True
Is 1243748521 composite?
False
Is 7297105133 a composite number?
True
Is 1575112793 a prime number?
False
Is 121230320993 composite?
False
Is 5182288883 a prime number?
True
Is 3586803691 a composite number?
False
Is 63690191 a prime number?
True
Is 9792588549 prime?
False
Is 619974403 a composite number?
True
Is 124077691 prime?
True
Is 5081397637 composite?
True
Is 36470978719 composite?
True
Is 40319863693 a composite number?
False
Is 1299862909 composite?
False
Is 82736584109 a prime number?
True
Is 295200907 a prime number?
False
Is 1005460429 prime?
True
Is 47760898865 a prime number?
False
Is 14744192063 prime?
True
Is 9275808931 prime?
True
Is 54602677 prime?
True
Is 23921707571 prime?
True
Is 1296316265 composite?
True
Is 3144520057 prime?
False
Is 38185834646 composite?
True
Is 5713196361 a composite number?
True
Is 120523118327 composite?
False
Is 155004979 a composite number?
False
Is 1517303477 composite?
False
Is 813681469 prime?
False
Is 23810233369 a composite number?
True
Is 1076003317 a composite number?
True
Is 4094916523 composite?
False
Is 5400696083 prime?
False
Is 14203333591 a prime number?
True
Is 16260442747 a composite number?
True
Is 2004358201 a prime number?
True
Is 69263725987 composite?
False
Is 1072446701 composite?
False
Is 6876436229 prime?
False
Is 380882483 a prime number?
True
Is 191674117 a prime number?
True
Is 287479029 a composite number?
True
Is 62296079 composite?
True
Is 6305646689 composite?
False
Is 2846825329 composite?
True
Is 28929920567 composite?
True
Is 53494251619 prime?
False
Is 54051520493 a composite number?
False
Is 1236723287 composite?
True
Is 21923461587 a prime number?
False
Is 154807955317 a prime number?
False
Is 1681917383 prime?
False
Is 14324616343 prime?
True
Is 11757491899 a composite number?
False
Is 8970208187 composite?
False
Is 352094279 a composite number?
True
Is 221114281 prime?
True
Is 12928863946 a composite number?
True
Is 70390855579 a prime number?
False
Is 87129783003 a prime number?
False
Is 555723401 composite?
True
Is 6474078869 a composite number?
True
Is 1414344131 a prime number?
False
Is 667071011 composite?
True
Is 49379021173 a composite number?
False
Is 173650723 prime?
False
Is 130936892621 prime?
True
Is 5372421043 prime?
False
Is 1568490829 a prime number?
True
Is 39671497927 a prime number?
True
Is 134039638919 a composite number?
False
Is 39626807 composite?
True
Is 60717167015 a prime number?
False
Is 1224780961 a composite number?
False
Is 284270159 a prime number?
False
Is 128200069 a composite number?
True
Is 116427527 a prime number?
True
Is 1727790349 prime?
False
Is 137524313 a composite number?
True
Is 26088646537 a prime number?
False
Is 187094939 composite?
False
Is 613729267 prime?
False
Is 7229904463 composite?
False
Is 169224149 a composite number?
False
Is 35015877251 a composite number?
False
Is 18269124947 a composite number?
False
Is 991097609 prime?
True
Is 11236440109 a prime number?
True
Is 8440462033 a prime number?
False
Is 2257702807 a prime number?
False
Is 1753961633 prime?
False
Is 178734037 composite?
False
Is 167445133229 a composite number?
True
Is 239478901 prime?
False
Is 14074989737 a composite number?
True
Is 1529075567 a prime number?
False
Is 19073781871 a prime number?
True
Is 34087333351 composite?
False
Is 258472847 prime?
True
Is 267733603 a composite number?
False
Is 1305939937 a prime number?
True
Is 140214508783 composite?
True
Is 44765329 prime?
False
Is 2015845631 composite?
True
Is 8682113977 a composite number?
False
Is 8198800213 composite?
True
Is 895398643 a prime number?
True
Is 41926742789 a prime number?
False
Is 12726408881 composite?
False
Is 5